{"id":5,"date":"2019-06-08T12:57:06","date_gmt":"2019-06-08T12:57:06","guid":{"rendered":"http:\/\/gapskrattet.se\/?page_id=5"},"modified":"2025-11-08T08:28:38","modified_gmt":"2025-11-08T08:28:38","slug":"stand-up","status":"publish","type":"page","link":"https:\/\/gapskrattet.se\/?page_id=5","title":{"rendered":"Humorevents"},"content":{"rendered":"\n<p>Event fyllda med humor till f\u00f6retaget, f\u00f6reningen eller kompisg\u00e4nget.<\/p>\n\n\n\n<figure class=\"wp-block-image size-large\"><a href=\"https:\/\/gapskrattet.se\/wp-content\/uploads\/2025\/11\/comedy.avif\"><img loading=\"lazy\" decoding=\"async\" width=\"1024\" height=\"768\" src=\"https:\/\/gapskrattet.se\/wp-content\/uploads\/2025\/11\/comedy-1024x768.jpg\" alt=\"\" class=\"wp-image-515\" srcset=\"https:\/\/gapskrattet.se\/wp-content\/uploads\/2025\/11\/comedy-1024x768.jpg 1024w, https:\/\/gapskrattet.se\/wp-content\/uploads\/2025\/11\/comedy-300x225.jpg 300w, https:\/\/gapskrattet.se\/wp-content\/uploads\/2025\/11\/comedy-768x576.jpg 768w, https:\/\/gapskrattet.se\/wp-content\/uploads\/2025\/11\/comedy.avif 1200w\" sizes=\"auto, (max-width: 1024px) 100vw, 1024px\" \/><\/a><\/figure>\n","protected":false},"excerpt":{"rendered":"<p>Event fyllda med humor till f\u00f6retaget, f\u00f6reningen eller kompisg\u00e4nget.<\/p>\n","protected":false},"author":1,"featured_media":0,"parent":0,"menu_order":20,"comment_status":"closed","ping_status":"closed","template":"","meta":{"footnotes":""},"class_list":["post-5","page","type-page","status-publish","hentry"],"_links":{"self":[{"href":"https:\/\/gapskrattet.se\/index.php?rest_route=\/wp\/v2\/pages\/5","targetHints":{"allow":["GET"]}}],"collection":[{"href":"https:\/\/gapskrattet.se\/index.php?rest_route=\/wp\/v2\/pages"}],"about":[{"href":"https:\/\/gapskrattet.se\/index.php?rest_route=\/wp\/v2\/types\/page"}],"author":[{"embeddable":true,"href":"https:\/\/gapskrattet.se\/index.php?rest_route=\/wp\/v2\/users\/1"}],"replies":[{"embeddable":true,"href":"https:\/\/gapskrattet.se\/index.php?rest_route=%2Fwp%2Fv2%2Fcomments&post=5"}],"version-history":[{"count":7,"href":"https:\/\/gapskrattet.se\/index.php?rest_route=\/wp\/v2\/pages\/5\/revisions"}],"predecessor-version":[{"id":516,"href":"https:\/\/gapskrattet.se\/index.php?rest_route=\/wp\/v2\/pages\/5\/revisions\/516"}],"wp:attachment":[{"href":"https:\/\/gapskrattet.se\/index.php?rest_route=%2Fwp%2Fv2%2Fmedia&parent=5"}],"curies":[{"name":"wp","href":"https:\/\/api.w.org\/{rel}","templated":true}]}}