{"id":95,"date":"2019-06-09T20:13:15","date_gmt":"2019-06-09T20:13:15","guid":{"rendered":"http:\/\/gapskrattet.se\/?page_id=95"},"modified":"2025-11-09T20:00:48","modified_gmt":"2025-11-09T20:00:48","slug":"forelasningar-workshops","status":"publish","type":"page","link":"https:\/\/gapskrattet.se\/?page_id=95","title":{"rendered":"Workshops"},"content":{"rendered":"\n<h2 class=\"wp-block-heading\">F\u00f6retag<\/h2>\n\n\n\n<p><strong>Bli en b\u00e4ttre talare \u2013 F\u00f6r in humorn i din presentation<\/strong><br>Tips f\u00f6r dig som talar inf\u00f6r grupper, kommunicera<br>med hj\u00e4lp av humorn.<br>Tid: 2 timmar<br>Pris: 5 000 kr<\/p>\n\n\n\n<p><strong>Stand-up Strong<\/strong><br>Har personalen p\u00e5 f\u00f6retaget eller kanske eleverna p\u00e5 din skola problem med att prata inf\u00f6r andra m\u00e4nniskor?<br>Utbildningen Stand-up Strong g\u00f6r att de st\u00e4rker sin sj\u00e4lvk\u00e4nsla, v\u00e5gar ta plats och blir s\u00e4krare.<br>Hur g\u00f6r st\u00e5upp-komikern f\u00f6r att v\u00e5ga? Vi tar hj\u00e4lp av hur komikerna g\u00f6r f\u00f6r att \u00e4ga scenerna.<br>Tid: 3 timmar<br>Pris: 8 000 kr<\/p>\n\n\n\n<h2 class=\"wp-block-heading\">Privatpersoner<\/h2>\n\n\n\n<p><strong>Grundkurs, Stand-up Comedy<\/strong><br>F\u00f6r dig som lockas av att kanske sj\u00e4lv testa p\u00e5 stand-up<br>eller f\u00f6r dig som bara vill veta mer och ha roligt.<br>Tid: 8 g\u00e5nger \u00e1 2 timmar<br>Pris: 800 kr<\/p>\n\n\n\n<p><strong>Forts\u00e4ttningskurs, Stand-up Comedy<\/strong><br>F\u00f6r dig som lockas av att kanske sj\u00e4lv testa p\u00e5 stand-up<br>eller f\u00f6r dig som bara vill veta mer och ha roligt.<br>Tid: 2 dagar<br>Pris: 800 kr<\/p>\n\n\n\n<p><strong>Workshop grund, Impro Comedy<\/strong><br>Impro Comedy, \u00e4r teater utan manus d\u00e4r deltagarna skapar humoristiska scener tillsammans.<br>Workshopen fokuserar p\u00e5 att l\u00e4ra ut grundl\u00e4ggande tekniker i improvisationskomedi.<br>Tid: 4 timmar<br>Pris: 500 kr<\/p>\n\n\n\n<figure class=\"wp-block-image size-full\"><a href=\"https:\/\/gapskrattet.se\/wp-content\/uploads\/2025\/11\/NorraBrunn20140110B.jpg\"><img loading=\"lazy\" decoding=\"async\" width=\"227\" height=\"303\" src=\"https:\/\/gapskrattet.se\/wp-content\/uploads\/2025\/11\/NorraBrunn20140110B.jpg\" alt=\"\" class=\"wp-image-471\" srcset=\"https:\/\/gapskrattet.se\/wp-content\/uploads\/2025\/11\/NorraBrunn20140110B.jpg 227w, https:\/\/gapskrattet.se\/wp-content\/uploads\/2025\/11\/NorraBrunn20140110B-225x300.jpg 225w\" sizes=\"auto, (max-width: 227px) 100vw, 227px\" \/><\/a><\/figure>\n\n\n\n<p><\/p>\n","protected":false},"excerpt":{"rendered":"<p>F\u00f6retag Bli en b\u00e4ttre talare \u2013 F\u00f6r in humorn i din presentationTips f\u00f6r dig som talar inf\u00f6r grupper, kommuniceramed hj\u00e4lp av humorn.Tid: 2 timmarPris: 5 000 kr Stand-up StrongHar personalen p\u00e5 f\u00f6retaget eller kanske eleverna p\u00e5 din skola problem med att prata inf\u00f6r andra m\u00e4nniskor?Utbildningen Stand-up Strong g\u00f6r att de st\u00e4rker sin sj\u00e4lvk\u00e4nsla, v\u00e5gar ta&#8230;<\/p>\n","protected":false},"author":1,"featured_media":0,"parent":0,"menu_order":30,"comment_status":"closed","ping_status":"closed","template":"","meta":{"footnotes":""},"class_list":["post-95","page","type-page","status-publish","hentry"],"_links":{"self":[{"href":"https:\/\/gapskrattet.se\/index.php?rest_route=\/wp\/v2\/pages\/95","targetHints":{"allow":["GET"]}}],"collection":[{"href":"https:\/\/gapskrattet.se\/index.php?rest_route=\/wp\/v2\/pages"}],"about":[{"href":"https:\/\/gapskrattet.se\/index.php?rest_route=\/wp\/v2\/types\/page"}],"author":[{"embeddable":true,"href":"https:\/\/gapskrattet.se\/index.php?rest_route=\/wp\/v2\/users\/1"}],"replies":[{"embeddable":true,"href":"https:\/\/gapskrattet.se\/index.php?rest_route=%2Fwp%2Fv2%2Fcomments&post=95"}],"version-history":[{"count":8,"href":"https:\/\/gapskrattet.se\/index.php?rest_route=\/wp\/v2\/pages\/95\/revisions"}],"predecessor-version":[{"id":557,"href":"https:\/\/gapskrattet.se\/index.php?rest_route=\/wp\/v2\/pages\/95\/revisions\/557"}],"wp:attachment":[{"href":"https:\/\/gapskrattet.se\/index.php?rest_route=%2Fwp%2Fv2%2Fmedia&parent=95"}],"curies":[{"name":"wp","href":"https:\/\/api.w.org\/{rel}","templated":true}]}}